 Determine m(-5).
14
Let u = 13 + -10. Suppose u*q + 2*t + 6 = 0, 16 = -5*q - t - 1. Let x(s) = s**2 + 6*s + 4. Give x(q).
-4
Let j(n) = 77*n**2 - n + 14. Let m(b) = 19*b**2 + 2. Let c(f) = -j(f) + 4*m(f). Let v(y) = y**2 - 3*y. Let a be v(3). Calculate c(a).
-6
Let u(r) = -22*r**3 + 17*r**2 - 47*r - 114. Let f(l) = 3*l**3 - 2*l**2 + 7*l + 16. Let k(q) = 15*f(q) + 2*u(q). Give k(-6).
-126
Let c(o) = 80*o + 37 - 43*o - 42*o + 3*o**2. Let t(s) = s**2 + 2*s. Let y(z) = c(z) - t(z). Let j(k) be the first derivative of y(k). Calculate j(6).
17
Let l(j) = 2*j**3 + 30*j**2 - 34*j - 37. Let g(f) = f**3 + 54*f**2 + 609*f + 22. Let s be g(-38). Determine l(s).
-5
Let o(p) = 26*p - 4. Let q(f) = 6*f - 3. Let l(d) = o(d) - 4*q(d). Let x be (-3 + 2/2)*3. Calculate l(x).
-4
Let s(n) = -n**3 + 9*n**2 - 7*n + 6. Let j(l) = 25*l - 317. Let b be j(13). Determine s(b).
14
Let w(l) = -4*l - 3. Let h(n) = -1. Let j(z) = -2*h(z) - w(z). Let y(k) = 12*k + 18. Let t(u) = 7*j(u) - 2*y(u). Give t(-1).
-5
Let j(c) = c**3 + 7*c**2 - 8*c - 2. Let g be j(-8). Let b(k) = -7*k**2 - 6*k - 3. Let v be b(g). Let s(z) = z**2 + 18*z - 13. Calculate s(v).
6
Suppose 4 - 18 = -4*n - 2*o, 4*o - 15 = 5*n. Let g(j) = n - 4 + 1 + 1018*j - 1008*j. Determine g(-1).
-12
Let j(c) = 4*c - 2. Let a be 7/(14/(-57))*8/6. Suppose 0 = -5*i + 180 + 25. Let f = i + a. Determine j(f).
10
Suppose -2*k + 22 = u + u, -5*k + 4*u = -28. Suppose 4*h = -20 + k. Let j(q) = -q - 4. Give j(h).
-1
Let f(s) be the second derivative of -s**5 - s**4/12 - s**3/3 - s**2 + 30*s. Let z be f(-1). Let k(m) = 2*m + 34 - z - 19. Calculate k(6).
8
Let p(x) = x. Let z(h) = -2. Let i(k) = p(k) + z(k). Suppose a + 17*g - 16*g = 47, -3*a + g + 129 = 0. Suppose a*f - 6*f = 76. Give i(f).
0
Let m(w) be the first derivative of w**4/2 - 2*w**3 + 3*w - 17. Let k be m(3). Let g(l) = -l - 2. Determine g(k).
-5
Let j(b) = -b - b**3 + 3*b + 6*b**2 + 5 - 2 + 2*b**2 - 9*b**2. Let s(r) be the third derivative of r**4/12 + r**3/3 - 3*r**2. Let f be s(-2). Determine j(f).
3
Let l(j) = 11*j**3 - 8*j**2 - 4*j - 25. Let n(y) = 13*y**3 - 9*y**2 - 4*y - 28. Let x(s) = 7*l(s) - 6*n(s). Determine x(-2).
1
Let a(j) = 7*j - 7. Let o(t) = -13*t + 14. Let k(p) = 11*a(p) + 6*o(p). Let z(s) = -5*s + 4 - 3 + 4*s. Let i(g) = k(g) - 3*z(g). Give i(-3).
-2
Let x(o) = 60*o + 120. Let i be x(-2). Let b(h) = -6*h - 3. Let k(a) = a + 1. Let s(v) = -b(v) - 2*k(v). What is s(i)?
1
Let a(l) = -2*l - 7. Let p(w) = -4*w - 6. Let m(f) = -9*f - 11. Let c(k) = -4*m(k) + 10*p(k). Let q(t) = -9*a(t) + 4*c(t). Determine q(6).
11
Let z = -3 - -1. Let c(a) be the third derivative of 0 + 42*a**2 - 2*a - 1/8*a**4 + 1/60*a**6 - 1/30*a**5 + 0*a**3. Determine c(z).
-18
Suppose -190 - 48 = 60*q + 362. Let b(c) = -c**2 - 11*c + 12. What is b(q)?
22
Let r be (-3)/(-5) - 132/(-30). Suppose 5*t + 2*f + f = 26, -2*t + 3*f = -2. Let b(v) = 6 + r*v + 3*v - t*v - 2*v. Give b(-6).
-6
Let m be ((-6)/(-4))/(3 - 27/12). Suppose -3*u - 6 - 11 = -5*a, -4*a = -2*u - 14. Suppose 8 = m*w + a. Let i(q) = 3*q**2 - 3*q + 1. Determine i(w).
7
Let g(t) = 5*t**2 - 25*t - 34. Let v(h) = -2*h**2 + 12*h + 18. Let d(o) = -3*g(o) - 7*v(o). Determine d(-3).
-6
Let t(r) be the third derivative of r**6/120 + r**3/3 + 2*r**2. Let l(d) = -d**3 + 11*d**2 - 25*d + 152. Let h be l(10). Let m be 12/h*60/120. What is t(m)?
29
Let w(h) be the first derivative of 7/2*h**2 + 7*h + 217. What is w(-2)?
-7
Let s(d) be the first derivative of 1/2*d**2 - 5 - d - 4/3*d**3 - 1/4*d**4. Let o be ((-9)/6)/((-2)/((-64)/12)). Give s(o).
-5
Suppose a + 4*f + 2 = -a, 3*a + 5*f = 0. Let r be ((-22)/(-6) + -3)*(-105)/(-10). Let b(u) = -3*u**2 + 2*u + 0*u + r + 2*u**2. Calculate b(a).
-8
Let c(o) = -o**2 - 36*o + 301. Let v be c(-43). Let m(a) be the third derivative of -a**5/60 + a**4/24 + 4*a**3/3 + a**2. Give m(v).
8
Suppose -3*v - 3*f - 48 = 0, 19 - 1 = -2*v + 5*f. Let n(b) = b**3 + 11*b**2 - 41*b + 20. What is n(v)?
6
Let s(v) = -v**2 - 14*v - 52. Let c be s(-6). Let k(a) = 3*a - 1. Let d(j) = 8*j - 3. Let g(z) = c*d(z) + 11*k(z). Give g(-12).
-11
Let r(h) = h**3 - 18*h**2 - 8. Let l be r(18). Let o(u) = -3*u**2 - 18*u - 2. Let w(i) = 5*i**2 + 27*i + 4. Let b(j) = l*o(j) - 5*w(j). What is b(8)?
4
Let t = -22118 + 22090. Let z(r) = -r**3 - 29*r**2 - 31*r - 79. What is z(t)?
5
Suppose 2*j - 1 = 3. Suppose v + g = 5*v + 4, -5*v + j*g = 5. Let l(n) = -4*n. Let k(u) = -26*u. Let o(y) = 6*k(y) - 44*l(y). Give o(v).
-20
Let l(d) be the third derivative of 0*d**4 - 1/120*d**6 + 0*d + 0*d**5 + 0 + d**2 - 7/6*d**3. Let x(t) = -t**2 - 8*t + 153. Let v be x(-17). Give l(v).
-7
Let g(u) = -1541*u**2 + 3100*u**2 - 12*u - 1560*u**2 - 1. Give g(-13).
-14
Let q(o) = o**2 - 3*o + 14. Let u(a) = -2*a**2 - 2*a - 1. Let c(y) = -q(y) - u(y). Calculate c(-9).
23
Let v = 117 - 92. Suppose -v*n = -30*n + 15. Let m(u) = -2*u + 0*u**2 - u**2 + u**2 + u**2 - 2. What is m(n)?
1
Let s = 4813 + -4831. Let c(a) = 5*a + 78. Determine c(s).
-12
Let a(d) = d - 2*d + 0*d**3 - d**3 - 6. Let r(y) = -80*y**2 + 4159*y + 52. Let g be r(52). Calculate a(g).
-6
Suppose 3*d - 67 = -2*b, -5*b - 15 = 2*d - 45. Suppose -p - d = -27. Let u(w) = 2*w**3 + 2*w**2 + 1. Give u(p).
25
Let y(v) = 2*v - 2. Let p = -847 - -927. Suppose -2 = -p*r + 78*r. Determine y(r).
0
Suppose 428 = -46*z + 50*z. Let u be 2/4*1*222. Let s = z - u. Let r(q) = -2*q**2 - 6*q - 2. Determine r(s).
-10
Let z be ((-54)/45)/(2/(-25)). Let o be 6/(-2)*5/z*-17. Let q(u) = 31*u - 11*u - 2 - o*u. Give q(4).
10
Let d(v) be the first derivative of -v**3 - 21*v**2 - 7*v - 7893. What is d(-14)?
-7
Let a(c) = -c**3 - 2*c + 5*c + 2*c + 7 + 6*c**2. Let u(b) be the second derivative of -b**4/12 + 13*b**3/3 + 47*b**2 - 253*b. Let m be u(29). What is a(m)?
-7
Let b = -140 + 60. Let j = 78 + b. Let m(n) = n**2 + 3*n + 1. What is m(j)?
-1
Suppose 20 = -2*q + b + 18, 0 = q + 3*b - 6. Let i(g) be the second derivative of -g**3/6 - 2*g**2 + g. Calculate i(q).
-4
Let u = -279 - -280. Suppose -4*b + u = -2*p + 3, b + p - 1 = 0. Let d(l) = -2*l + 9. What is d(b)?
9
Let m(c) = -2*c - 4. Let q(h) = 6*h + 12. Let x(o) = -10*m(o) - 3*q(o). Suppose -12 = -24*w - 125 + 17. Calculate x(w).
-4
Let z(j) = 3*j - 47*j**3 + 10*j**2 + 6*j**2 - 43*j**3 - 57*j**3 - 13*j**2. Determine z(-1).
147
Let l(t) = -23*t + 100. Let y(a) = 19*a - 84. Let u(z) = 5*l(z) + 6*y(z). Determine u(11).
-15
Suppose 317 - 849 = -38*m. Let q(c) = -c**2 + 13*c + 27. Give q(m).
13
Let x(i) be the first derivative of -i**2/2 - 4*i + 222. Let b = 14 + -20. Let t be (b/7)/(2/14). Give x(t).
2
Let m be ((-32)/(-12) - 2)/(1128/423). Let c(f) be the first derivative of -14 + f - m*f**4 - 5*f**2 - 10/3*f**3. Determine c(-9).
10
Let z(u) = u**3 + 8*u**2 + 7*u + 6. Let c be z(-7). Let s(i) = 6*i - 20. What is s(c)?
16
Let q be (-1 + (-44)/(-20))/((-5)/(-200)*-4). Let b(j) = j**3 + 14*j**2 + 26*j + 8. What is b(q)?
-16
Let o(n) = -n - 6 - 1 + 0*n. Let y be 0/(5/((-115)/(-46))). Determine o(y).
-7
Suppose 5149*t - 5156*t = -28. Let n(v) = -v - 1. Let q(s) = 2*s + 3. Let p(m) = -13*n(m) - 6*q(m). Determine p(t).
-1
Let h(b) = -3*b**3 - 14*b**2 - 14*b - 5. Let l(n) = 4*n**3 + 15*n**2 + 15*n + 6. Let x(q) = -3*h(q) - 2*l(q). Give x(-11).
-8
Let s(v) = -6*v + 19*v + 20 - 6. Let h(m) = m + 5. Let j(z) = -2*z - 5. Let o(w) = 2*h(w) + 3*j(w). Let t(x) = -11*o(x) - 4*s(x). Give t(1).
-9
Let w(b) = -b. Let l(x) = -x - 1. Let p(k) = -2*k + 7. Let t be p(3). Let g be 1*((-1)/1 - (-3)/t). Let d(h) = g*w(h) - l(h). Determine d(-8).
9
Let w(i) be the first derivative of i**4/4 - 2*i**3 + 4*i**2 - 18*i + 946. Calculate w(5).
-3
Let p(b) = -2*b**2 + 5*b + 87. Let r be p(8). Let s(g) = -3*g**2 - 2 + 3 + 6*g**2 + 0*g**2. What is s(r)?
4
Let g(k) = k + 10. Let d be ((-2)/(-3))/((-30)/(-495)). Suppose -d*b = -15*b. Suppose b = 5*v - v + 20. Give g(v).
5
Let s(u) = u + 84. Let q(t) = 55. Let o(p) = -3*q(p) + 2*s(p). Let w = 20 + -22. Calculate o(w).
-1
Let j(b) = 2*b + 7 - 75*b**2 + 35*b**2 + 0*b + 0*b + 39*b**2. What is j(4)?
-1
Let r(l) = -l**2 + 4*l + 6. Let h be (-3320)/60 + (-2)/(-6). Let x = -161 - h. Let p = x + 111. Determine r(p).
1
Let k be 426/142 - 4/2. Let m(l) = 83*l - 5. Determine m(k).
78
Let i(t) be the first derivative of 9*t**2 - 8*t - 2128. Calculate i(5).
82
Let p(j) = -j**2